ns digit of (-2)/a - (-4 - 4769/5)?
5
Let n be -15*3/(-9) + 39 + -2. Suppose s - 2*b = n + 14, s + 2*b = 52. What is the units digit of s?
4
Suppose 0 = -10*k + 8726 + 11314. Suppose -4*a - 2*p + 2190 = 0, k - 359 = 3*a + p. What is the hundreds digit of a?
5
Let n(y) = -4*y**3 - 2*y**2 + 6*y + 4. Let k be n(-6). Suppose 340 = 5*c - k. What is the hundreds digit of c?
2
Let f(k) = -k - 4. Let l be f(-8). Suppose 12*n = l*n - 80. What is the tens digit of (15/n)/(2/(-28))?
2
Let i be -3 + 8 - (4 + 1186/(-2)). Suppose -6651 - i = -9*l. What is the units digit of l?
5
Let f = 54 + -91. Let m = -42 - f. What is the tens digit of (-463)/m - 63/105?
9
Let h(l) = -24*l - 16. Let m(n) = n**2 + 14*n + 27. Let y be m(-11). Let z be h(y). Let u = z - 73. What is the tens digit of u?
5
Let m(p) = 209*p - 199. Suppose -3*i = -5*z - 28, -3*i + 37 - 13 = -3*z. What is the thousands digit of m(i)?
1
What is the hundreds digit of 159/(-6)*4/((8/(-365))/4)?
3
Suppose -687 - 37 = -l + 4*k, 2142 = 3*l - 2*k. Let h be (-1 + 6)/(0 + 1). Suppose -l = -3*z - h*z. What is the tens digit of z?
8
Suppose -t = -5*t - 216. Suppose -d - o = 124, 23*d - 28*d - 640 = -5*o. Let q = t - d. What is the units digit of q?
2
Let i(v) = -43*v - 17. Let u be i(-6). Let p = u + 199. Suppose 0 = 4*n, n - 6*n = 4*o - p. What is the tens digit of o?
1
Let l(i) = -72*i**3 + 7*i**2 - 54*i - 1. What is the units digit of l(-7)?
6
Suppose 9*q = 19*q - 411280. Suppose -59*h + q = -6*h. What is the tens digit of h?
7
Let y(s) be the third derivative of -s**6/120 - s**4/24 + 157*s**3/6 + 24*s**2 - 2. What is the hundreds digit of y(0)?
1
Let t(z) = -z**3 + 15*z**2 - 14*z - 31. Let f be (29/(-1))/(5/10*-2). Let s = f - 16. What is the tens digit of t(s)?
2
Suppose -3*n + 4*p + 47435 = 0, n = 6*n - 8*p - 79065. What is the hundreds digit of n?
8
Let u(d) = 9*d**2 + 24*d - 597. What is the tens digit of u(20)?
8
Suppose -i = -4*v - 744, 2*v - 5*i + 205 = v. Let w be ((-180)/21)/(2/7). Let b = w - v. What is the units digit of b?
5
Let d = 47674 + -8361. What is the thousands digit of d?
9
Let f be ((-154)/49)/(2/(-1022)). Suppose 3785 + f = 3*u. What is the tens digit of u?
9
Let u(v) = 26*v**2 - 35. Let y be u(-7). What is the units digit of ((-30)/(-35))/(3/y)?
4
Suppose -5*h - 2*h - 19709 = -126438. What is the hundreds digit of h?
2
Suppose 4*d - 3*d - 5*v = -23, v = -5*d + 15. Suppose 0 = n + d. What is the units digit of -19 - -18 - (-76 + 2/n)?
6
Suppose 2*n = -c + 5062, 2*c - 20*n = -23*n + 10126. What is the thousands digit of c?
5
Suppose -4*m - m - 5*k + 17760 = 0, m - 3544 = k. What is the tens digit of m?
4
Let o be 64/(-12) - (-2)/(-3). Let w(b) = b**3 - b**2 + 16*b + 17. Let y(x) = -x**3 - x - 2. Let s(g) = w(g) + 2*y(g). What is the tens digit of s(o)?
0
Let u be (-872 + 0)*(-27)/18. Let j = u - 625. What is the hundreds digit of j?
6
Let f = 92 - 88. Suppose f*m = 806 + 1066. Suppose 3*i - m = 5*w, 5*i - 588 = w + 192. What is the hundreds digit of i?
1
Let b(r) = -426*r - 3376. What is the thousands digit of b(-69)?
6
Let l(v) = v**3 + 9*v**2 - 4*v - 22. Suppose 19*g - 23*g = 36. Let q be l(g). What is the tens digit of (-2)/q + (-2636)/(-28)?
9
Suppose 0 = -16*w + w + 1440. Suppose 40 - w = 8*a. What is the units digit of -28*(-3 - a/(21/6))?
8
What is the hundreds digit of 198/1122 + (-110290)/(-34)?
2
Let l be ((-1396)/6)/((-106)/159). Let g = 1764 - l. What is the hundreds digit of g?
4
Suppose 636 = 5*p - 3*p - 5*a, -a = -4*p + 1308. Suppose -1126 = -r - p. What is the tens digit of r?
9
Suppose 2*z + 68092 = -10*z + 412120. What is the thousands digit of z?
8
Suppose 3*v = 22 - 16. Suppose v*i + 287 = 43. Let g = -2 - i. What is the units digit of g?
0
Let y = -48 + 61. What is the units digit of (-11 + y)*(4 - 0)?
8
Let n = 4671 + -817. What is the units digit of n?
4
Let r(v) = -26*v**3 - 3*v**2 + 4*v + 6. Let k be (-2)/9*-6*(-60)/40. What is the units digit of r(k)?
4
Let b = 164961 - 114447. What is the tens digit of b?
1
Suppose 4*z + 2*n = 31139 + 62531, 5*z - 2*n = 117101. What is the hundreds digit of z?
4
Suppose -39*q + 15840 = -36*q. What is the units digit of q?
0
Let f(z) = 14*z - 1. Let o be f(7). Let g = -92 + o. What is the hundreds digit of ((-123)/(-9)*3)/(1/g)?
2
Suppose 276 = -3*m - 90. Let c = m + 118. What is the tens digit of (c/6)/(2/(-297)*3)?
3
Suppose -164724 = 5*r - 8*r + 3*y, -3*y = r - 54908. What is the hundreds digit of r?
9
Let u = 121 - 69. Let i(h) = -10*h**3 - 7*h. Let l be i(-5). Suppose 0 = -9*y + l - u. What is the units digit of y?
7
Suppose -i + 7949 = 5*d, 2*d - 3910 = -i - 728. Let l = d - 942. What is the units digit of l?
7
Suppose 87 = k + 71. Let b be ((-8)/k - (-6)/(-4))*-2. Suppose -4*y = 5*m - 333, 0*m - 4*m - b*y = -264. What is the units digit of m?
9
Let j(k) = -3*k - 21. Let a be j(-9). Suppose u = -3 + a. What is the tens digit of ((-504)/30)/(u/(-15))?
8
Let w = 25 - 37. Let v = 6221 + -6156. Let g = w + v. What is the tens digit of g?
5
Suppose -4*z + 23*r - 20*r + 2159 = 0, 0 = 2*r + 2. What is the units digit of z?
9
Let q(u) = 32366*u + 1118. What is the units digit of q(1)?
4
Let w(p) = -15870*p - 143. What is the thousands digit of w(-3)?
7
Suppose 0 = -36*y + 16238 + 17134. What is the tens digit of y?
2
Suppose 2*r - 5*r = -24. Suppose 0 = r*f - 5*f + 27. What is the tens digit of (6144/15)/4 - f/15?
0
Suppose -4*v - 486 = 2*d, -5*v - 13 - 477 = 2*d. Suppose -7960 - 5048 + 255 = 109*n. Let u = n - d. What is the hundreds digit of u?
1
Suppose -19746 = -2*m - g + 48465, -5*g = 3*m - 102334. What is the ten thousands digit of m?
3
Let o = 9814 + -499. What is the thousands digit of o?
9
Suppose -2*r + 5270 = -3724. What is the hundreds digit of r?
4
Suppose 8*f - 183 + 15 = 0. Suppose 14541 = f*p + 4671. What is the hundreds digit of p?
4
Let w(a) = 3*a + 31. Suppose 0*v = -7*v - 63. Let n be w(v). Suppose -233 = -f - 4*z, -n*f + 4*z + 378 = -574. What is the tens digit of f?
3
Suppose -123*d + 124*d - 7727 = 2*i, 2*i + 38659 = 5*d. What is the thousands digit of d?
7
Let i be 4810/156 + (2 + -3)/(-6). Suppose 0 = 3*l + 4*m - 2705, -23 = -2*m - i. What is the hundreds digit of l?
9
Let k(t) = -2*t**2 - 260*t + 512 + 520*t - t**3 - 261*t. What is the units digit of k(0)?
2
Let x(k) = 81*k + 2933. What is the thousands digit of x(0)?
2
Suppose -c - 49 = -2*t, 3*t + t - 4*c - 92 = 0. Let h = 21 - t. What is the units digit of -20*(4 - (-41)/h)?
4
What is the units digit of -15 - (-6 + 3 + -7437)?
5
Suppose 186218 = 260*z - 226*z. What is the tens digit of z?
7
Let g be (-232)/1276 + -24*2/(-22). Suppose x = 2*b - 1724, -g*x + 2586 = 2*b + b. What is the units digit of b?
2
Let w(a) = -a**2 + 2*a - 15*a**3 - 2*a**2 + 3 - 5. Let b be w(-3). What is the units digit of 1/(-4) - b/(-8)?
6
Suppose -7*l + 48 = -3*l + 4*b, -2*l + 18 = 4*b. Suppose -7*x = -l*x + 6112. What is the tens digit of x?
6
Let k(d) = -979*d + 8. Let n be k(1). What is the tens digit of n*20/(-70)*7?
4
Let m = 223 + 9. Suppose 2*g + 24 - m = 0. What is the units digit of g?
4
Suppose c - 2 = 0, i + 4927 + 6292 = -c. What is the units digit of i/(-3 - 4) - (0 - -6)?
7
Suppose 99*p - 107437 - 190850 = 0. What is the thousands digit of p?
3
Let r be 1*4 - 12199/(-11). Let f = -602 + r. What is the hundreds digit of f?
5
Let p(u) = 61 + 2*u**3 + 0*u**2 - 49*u + 2*u**3 - 2*u**2 + 32*u. What is the units digit of p(5)?
6
Let n(i) = -24*i**2 - 3*i + 3. Let l be n(3). Let o = 144 - l. What is the units digit of o?
6
Let c(l) = -l**3 - 5*l**2 + 15*l + 13. Suppose 0 = 7*f - 2*f + 35. Let v be c(f). What is the hundreds digit of v + -5 - 5 - -183?
1
Let b(t) = 177*t - 10. Let w be b(-3). Let z = 1233 + w. What is the tens digit of z?
9
Let n = 9059 - 3888. Suppose n = 8*a - 1517. What is the tens digit of a?
3
Let c = -64 - -64. Suppose c = 2*s - 56 - 386. What is the hundreds digit of s?
2
Let c(u) = -30*u + 56. What is the units digit of c(-3)?
6
Let q(c) = -c**2 + c + 9. Let x be q(4). Let w = -18 - x. What is the units digit of ((-170)/w + 3)*3?
3
Let x = -9838 - -10848. What is the units digit of x?
0
Suppose v - 5491 = -5*p, 21*v - 17*v + p - 22059 = 0. What is the hundreds digit of v?
5
Suppose 11*z = z + 3890. Suppose a = 55 + z. What is the tens 